r of 1245 and 57021.
249
What is the greatest common factor of 230223 and 399?
399
Calculate the highest common divisor of 222796 and 308.
28
Calculate the highest common factor of 24321 and 31339.
121
Calculate the greatest common factor of 224 and 215552.
32
Calculate the highest common divisor of 289 and 75497.
17
What is the greatest common divisor of 30 and 137610?
30
What is the greatest common divisor of 97014 and 399?
57
What is the greatest common divisor of 42 and 1581958?
14
Calculate the greatest common factor of 11826 and 14746.
146
What is the highest common factor of 10764 and 14508?
468
What is the greatest common factor of 1746 and 15326?
194
What is the greatest common divisor of 43275 and 30?
15
Calculate the highest common factor of 8063 and 517.
11
Calculate the highest common divisor of 36777 and 1763.
41
What is the highest common divisor of 5664 and 3304?
472
What is the greatest common factor of 37349 and 1785?
17
What is the highest common factor of 68992 and 294?
98
Calculate the highest common divisor of 120393 and 273.
273
What is the highest common factor of 19 and 260699?
19
What is the highest common divisor of 6746176 and 128?
64
Calculate the greatest common factor of 3 and 4470.
3
What is the greatest common factor of 186 and 9748911?
93
Calculate the greatest common factor of 91344 and 341.
11
What is the greatest common divisor of 455 and 2590?
35
What is the greatest common factor of 1810 and 2830?
10
What is the highest common factor of 1269 and 4122?
9
What is the highest common factor of 4680438 and 42?
42
What is the highest common divisor of 219414 and 13386?
582
Calculate the greatest common divisor of 406 and 147494.
58
What is the greatest common divisor of 66802 and 789?
263
Calculate the greatest common factor of 5929 and 11025.
49
Calculate the greatest common divisor of 62580 and 240.
60
What is the highest common factor of 119 and 56455?
7
Calculate the greatest common divisor of 332 and 37267.
83
Calculate the greatest common factor of 1440 and 1568640.
480
What is the greatest common divisor of 7999 and 9557?
19
Calculate the highest common factor of 1176 and 1820952.
168
What is the greatest common factor of 799888 and 96?
16
Calculate the highest common divisor of 2475 and 1441.
11
Calculate the highest common divisor of 116291 and 1796.
449
What is the greatest common divisor of 1144 and 10439?
143
What is the greatest common factor of 12 and 832428?
12
Calculate the greatest common divisor of 143 and 273559.
143
What is the greatest common factor of 3142020 and 560?
140
Calculate the highest common factor of 8084 and 4324.
188
Calculate the highest common factor of 19 and 307097.
19
Calculate the highest common factor of 113014 and 6538.
934
What is the highest common factor of 208186 and 22?
22
Calculate the highest common divisor of 3020 and 840.
20
What is the greatest common factor of 33 and 46882?
11
What is the highest common factor of 323541 and 3105?
621
What is the highest common factor of 1904 and 132192?
272
What is the highest common factor of 112 and 3493?
7
Calculate the greatest common divisor of 17444 and 147.
49
Calculate the highest common factor of 16351 and 591.
197
Calculate the greatest common divisor of 1258 and 734094.
34
What is the greatest common factor of 19500 and 936?
156
What is the highest common factor of 85 and 584035?
85
What is the highest common divisor of 305929 and 466?
233
Calculate the highest common factor of 375077 and 83.
83
Calculate the highest common divisor of 7424 and 121336.
232
What is the highest common factor of 296647 and 9633?
247
What is the greatest common factor of 15930 and 1080?
270
What is the highest common factor of 1386 and 17710?
154
Calculate the highest common divisor of 2920 and 291416.
584
Calculate the highest common divisor of 1137390 and 341.
31
Calculate the highest common divisor of 170 and 9680.
10
What is the greatest common factor of 1750 and 75180?
70
Calculate the highest common divisor of 69440 and 1260.
140
What is the highest common divisor of 825 and 1928575?
275
Calculate the highest common divisor of 4740 and 365340.
60
Calculate the greatest common factor of 1528 and 46.
2
Calculate the highest common factor of 324 and 21492.
108
Calculate the greatest common factor of 23534 and 266.
14
Calculate the highest common divisor of 48084 and 108.
12
Calculate the greatest common factor of 14399 and 83181.
119
Calculate the highest common divisor of 17252 and 1589.
227
What is the greatest common divisor of 203 and 277501?
203
Calculate the highest common divisor of 60 and 4320645.
15
What is the highest common divisor of 230145 and 3819?
201
Calculate the greatest common divisor of 374150 and 1150.
50
What is the highest common factor of 112 and 169808?
16
What is the greatest common factor of 667757 and 263?
263
What is the greatest common factor of 15 and 71556?
3
Calculate the greatest common factor of 705 and 332196.
141
Calculate the greatest common divisor of 932 and 45901.
233
What is the greatest common factor of 6290 and 2178227?
629
Calculate the highest common divisor of 9774 and 905.
181
Calculate the greatest common factor of 71224 and 2088.
232
Calculate the greatest common factor of 62 and 240622.
62
What is the greatest common factor of 12432 and 69153?
777
Calculate the greatest common divisor of 221 and 2567.
17
What is the highest common factor of 983092 and 572?
44
Calculate the highest common factor of 11 and 390258.
11
What is the highest common divisor of 1288 and 6540464?
1288
Calculate the highest common divisor of 212 and 1293412.
212
What is the highest common divisor of 851 and 10471?
37
What is the highest common divisor of 60769 and 134?
67
Calculate the greatest common divisor of 2608 and 489.
163
Calculate the highest common factor of 1518 and 124338.
138
What is the highest common factor of 220 and 10120?
220
Calculate the greatest common divisor of 85522 and 854.
122
What is the highest common factor of 16 and 43376?
16
What is the greatest common divisor of 12 and 1386?
6
What is the highest common factor of 52834 and 10?
2
Calculate the highest common divisor of 63586 and 58.
2
What is the highest common divisor of 459 and 63138?
51
Calculate the greatest common factor of 2472432 and 304.
304
Calculate the highest common factor of 1480 and 2030.
10
What is the highest common factor of 42 and 124374?
6
What is the highest common divisor of 1672 and 8696?
8
What is the highest common factor of 28160 and 960?
320
What is the highest common factor of 23843 and 339?
113
Calculate the highest common factor of 57804 and 12.
12
What is the greatest common divisor of 2834584 and 8?
8
What is the greatest common divisor of 150995 and 505?
505
What is the greatest common factor of 7929 and 96?
3
What is the highest common divisor of 11831488 and 223?
223
What is the highest common divisor of 77 and 17094?
77
What is the highest common factor of 402 and 1182?
6
What is the greatest common divisor of 3420 and 1235?
95
Calculate the greatest common factor of 6912 and 3232.
32
Calculate the greatest common factor of 1008 and 53784.
72
Calculate the highest common factor of 72550 and 100.
50
Calculate the highest common factor of 370 and 770932.
74
Calculate the highest common factor of 135 and 211005.
135
What is the highest common divisor of 1524 and 329438?
254
What is the highest common factor of 1773 and 18124?
197
Calculate the greatest common divisor of 309 and 3183.
3
Calculate the highest common divisor of 2007 and 2089733.
223
Calculate the greatest common divisor of 109647 and 1441.
131
What is the greatest common divisor of 464835 and 26096?
1631
Calculate the highest common divisor of 14872 and 104611.
169
Calculate the highest common factor of 84825 and 650.
325
What is the greatest common factor of 16 and 82864?
16
What is the highest common factor of 637 and 845?
13
Calculate the highest common divisor of 2962 and 3730639.
1481
What is the highest common factor of 54 and 72798?
6
Calculate the greatest common divisor of 155 and 1745.
5
What is the greatest common divisor of 5588 and 1143?
127
What is the greatest common factor of 2358 and 25710?
6
What is the greatest 